{"id":652,"date":"2019-04-20T08:09:21","date_gmt":"2019-04-20T13:09:21","guid":{"rendered":"https:\/\/www.realcsfa.edu.co\/portal\/?page_id=652"},"modified":"2019-04-20T14:33:12","modified_gmt":"2019-04-20T19:33:12","slug":"psicologia","status":"publish","type":"page","link":"https:\/\/www.realcsfa.edu.co\/portal\/psicologia\/","title":{"rendered":"Psicolog\u00eda"},"content":{"rendered":"<p>[vc_row][vc_column][vc_empty_space][\/vc_column][\/vc_row][vc_row][vc_column][vc_text_separator title=&#8221;Psicolog\u00eda y Orientaci\u00f3n de Proyecto de Vida&#8221; border_width=&#8221;4&#8243;][vc_column_text]Acompa\u00f1ar y orientar a todos los miembros de la comunidad educativa, alumnos, padres de familia y docentes en la creaci\u00f3n y desarrollo de ambientes saludables que permitan su realizaci\u00f3n personal, en la b\u00fasqueda de la excelencia acad\u00e9mica.<\/p>\n<p>Se anota que los procesos de psicolog\u00eda dirigidos a los estudiantes y sus familias deben estar respaldados por la iniciativa voluntaria de los usuarios. Si dicho proceso no es voluntario o el estudiante no colabora, ni presenta motivaci\u00f3n al cambio, se dar\u00e1 por agotado el recurso de intervenci\u00f3n psicol\u00f3gica.[\/vc_column_text][vc_single_image image=&#8221;744&#8243; img_size=&#8221;large&#8221; alignment=&#8221;center&#8221;][vc_empty_space][\/vc_column][\/vc_row][vc_row][vc_column][vc_text_separator title=&#8221;Orientaci\u00f3n Profesional&#8221;][vc_column_text]Los estudiantes del grado 9, 10 y 11 reciben la asesor\u00eda de parte del equipo de psicolog\u00eda y\/o con apoyo externo especializado, para llevar a cabo exitosamente su ingreso a la universidad y para identificar con claridad su inclinaci\u00f3n vocacional que le permita tomar las mejores decisiones en b\u00fasqueda de la consolidaci\u00f3n de su proyecto de vida, a trav\u00e9s de las siguientes estrategias:<\/p>\n<p>Semana de pr\u00e1ctica profesional.<br \/>\nAplicaci\u00f3n de pruebas psicol\u00f3gicas.<br \/>\nVisitas a las universidades.<br \/>\nInformaci\u00f3n sobre programas acad\u00e9micos en general.<br \/>\nTalleres de reflexi\u00f3n y proyecci\u00f3n de intereses y expectativas.<br \/>\nTalleres con padres de familia como orientadores y apoyo.<br \/>\nInforme integral.[\/vc_column_text][\/vc_column][\/vc_row][vc_row][vc_column][vc_empty_space][vc_text_separator title=&#8221;Educaci\u00f3n Sexual&#8221;][vc_column_text]Los estudiantes del Colegio, adem\u00e1s de contar con un apoyo individualizado por parte de los psic\u00f3logos, reciben asesor\u00eda y talleres por niveles para desarrollar y fundamentar su dimensi\u00f3n socio-afectiva de acuerdo con los ejes transversales del respectivo proyecto que son la base de una sexualidad sana.[\/vc_column_text][\/vc_column][\/vc_row]<\/p>\n","protected":false},"excerpt":{"rendered":"<p>[vc_row][vc_column][vc_empty_space][\/vc_column][\/vc_row][vc_row][vc_column][vc_text_separator title=&#8221;Psicolog\u00eda y Orientaci\u00f3n de Proyecto de Vida&#8221; border_width=&#8221;4&#8243;][vc_column_text]Acompa\u00f1ar y orientar a todos los miembros de la comunidad educativa, alumnos, padres de familia y docentes en la creaci\u00f3n y desarrollo de ambientes saludables que permitan su realizaci\u00f3n personal, en la b\u00fasqueda de la excelencia acad\u00e9mica. Se anota que los procesos de psicolog\u00eda dirigidos a los [&hellip;]<\/p>\n","protected":false},"author":1,"featured_media":0,"parent":0,"menu_order":0,"comment_status":"closed","ping_status":"closed","template":"","meta":{"footnotes":""},"class_list":["post-652","page","type-page","status-publish","hentry"],"_links":{"self":[{"href":"https:\/\/www.realcsfa.edu.co\/portal\/wp-json\/wp\/v2\/pages\/652","targetHints":{"allow":["GET"]}}],"collection":[{"href":"https:\/\/www.realcsfa.edu.co\/portal\/wp-json\/wp\/v2\/pages"}],"about":[{"href":"https:\/\/www.realcsfa.edu.co\/portal\/wp-json\/wp\/v2\/types\/page"}],"author":[{"embeddable":true,"href":"https:\/\/www.realcsfa.edu.co\/portal\/wp-json\/wp\/v2\/users\/1"}],"replies":[{"embeddable":true,"href":"https:\/\/www.realcsfa.edu.co\/portal\/wp-json\/wp\/v2\/comments?post=652"}],"version-history":[{"count":3,"href":"https:\/\/www.realcsfa.edu.co\/portal\/wp-json\/wp\/v2\/pages\/652\/revisions"}],"predecessor-version":[{"id":746,"href":"https:\/\/www.realcsfa.edu.co\/portal\/wp-json\/wp\/v2\/pages\/652\/revisions\/746"}],"wp:attachment":[{"href":"https:\/\/www.realcsfa.edu.co\/portal\/wp-json\/wp\/v2\/media?parent=652"}],"curies":[{"name":"wp","href":"https:\/\/api.w.org\/{rel}","templated":true}]}}