{"id":341,"date":"2019-04-16T12:58:04","date_gmt":"2019-04-16T17:58:04","guid":{"rendered":"https:\/\/www.realcsfa.edu.co\/portal\/?page_id=341"},"modified":"2019-11-26T07:35:12","modified_gmt":"2019-11-26T12:35:12","slug":"logros","status":"publish","type":"page","link":"https:\/\/www.realcsfa.edu.co\/portal\/logros\/","title":{"rendered":"Logros"},"content":{"rendered":"<p>[vc_row][vc_column][vc_empty_space][vc_text_separator title=&#8221;Condecoraci\u00f3n &#8220;Gran Cruz de Encomendador del Departamento del Cauca&#8220;&#8221;][vc_column_text]<\/p>\n<p style=\"text-align: justify;\">El 23 de abril de 2015, la Asamblea Departamental del Cauca, por iniciativa del Honorable Diputado Pedro Semanate, impuso la \u201cCruz de Comendador del Gran Cauca\u201d al Real colegio San Francisco de As\u00eds, en reconocimiento a sus 51 a\u00f1os de incansable trabajo en pro de la formaci\u00f3n integral de la juventud payanesa, tiempo durante el cual ha graduado a un gran n\u00famero de estudiantes que hoy por hoy son profesionales de gran renombre tanto a nivel local, nacional e internacional y se ha convertido en abanderado de procesos acad\u00e9micos, convivenciales y pastorales en nuestra ciudad. Para dicho evento el colegio hizo presencia con la Banda R\u00edtmica Juvenil rindiendo un homenaje al sabio Caldas en el parque y con la Banda R\u00edtmica Infantil ofreciendo un homenaje al Sant\u00edsimo Sacramento frente a la Catedral.<\/p>\n<p style=\"text-align: justify;\">El Real Colegio San Francisco de As\u00eds agradece a la comunidad payanesa el apoyo demostrado durante todos estos a\u00f1os y reitera su compromiso de seguir educando integralmente con altos valores acad\u00e9micos, convivenciales y cat\u00f3licos a la ni\u00f1ez y juventud de nuestra ciudad.<\/p>\n<p>[\/vc_column_text][\/vc_column][\/vc_row][vc_row][vc_column][vc_empty_space][\/vc_column][\/vc_row][vc_row][vc_column][vc_cta h2=&#8221;Camino a la excelencia&#8221; txt_align=&#8221;center&#8221; style=&#8221;outline&#8221; el_width=&#8221;xl&#8221; css_animation=&#8221;fadeInDown&#8221;]Apreciados lectores de la p\u00e1gina dedicada al RCSFA, a (ustedes sus seguidores)<br \/>\nqueremos por este medio mantenerlos bien informados del acontecer diario de<br \/>\nnuestra instituci\u00f3n educativa. Tenemos como Misi\u00f3n formar personas integrales<br \/>\ndentro de la doctrina y pr\u00e1cticas del cristianismo, formando personas respetuosas,<br \/>\nresponsables, tolerantes, espirituales y aut\u00f3nomas, lo que les permitir\u00e1 vivir en<br \/>\nuna sociedad mejor, esta formaci\u00f3n la ofrecemos en los niveles de preescolar,<br \/>\nb\u00e1sica y media vocacional.<br \/>\n\u00bfQu\u00e9 es excelencia educativa? La palabra excelencia es: procedente del vocablo<br \/>\nen lat\u00edn excellentia, la excelencia es una palabra que permite resaltar la<br \/>\nconsiderable calidad que convierte a un individuo u objeto en merecedor de una<br \/>\nestima y aprecio elevados.<br \/>\nEl significado de ser un gran hombre, lo llena de plenitud, porque al encontrar esa<br \/>\nfuerza interna que lo invita a ser mejor no s\u00f3lo consigo mismo sino con los dem\u00e1s,<br \/>\nese motor interno que lo invita cada d\u00eda a ser mejor y llenarlo de felicidad.<br \/>\n\u00bfC\u00f3mo se logra la excelencia en los colegios?.<br \/>\nLa excelencia es un proceso que se inicia desde el hogar donde los padres de<br \/>\nfamilia le inculcan la fe como instrumento importante del triunfador, para estar<br \/>\nseguro de lo que hace, tener esperanza para lograr lo que se propone y siempre<br \/>\npegados de la mano de Dios y la Sant\u00edsima Virgen para lograr la plenitud; adem\u00e1s<br \/>\nhay que inculcar valores que complementan al Ser en una persona integral. Por<br \/>\neso el hogar es la primera piedra en la construcci\u00f3n de vida y si desde ah\u00ed no<br \/>\nexigimos con amor, ternura y autoridad nuestra construcci\u00f3n de vida se derrumba.<br \/>\nLa excelencia educativa consiste en lograr que cada alumno consiga el m\u00e1ximo<br \/>\ndesarrollo intelectual y moral a partir de sus propias capacidades. Pero, \u00bfc\u00f3mo se<br \/>\nlogra? En primer lugar, con la disciplina que debe implicar su propio esfuerzo,<br \/>\nafecto y voluntad. Para poder lograrlo necesita el apoyo de los padres de familia,<br \/>\nde la motivaci\u00f3n de los profesores, lo orientan a que cada d\u00eda sea el mejor, que<br \/>\nsea l\u00edder de su propio proceso formativo, que sea visionario y que se oponga a los<br \/>\ndificultades que encuentra en el camino.<br \/>\nLos centros educativos promovemos la educaci\u00f3n integral donde atendemos todas<br \/>\nla facetas de las personas, bas\u00e1ndonos en la s\u00f3lida formaci\u00f3n acad\u00e9mica,<br \/>\nhumana (convivencia) y cristiana. Preparamos a nuestros alumnos para que sean<br \/>\nbuenas personas y buenos profesionales, y para que sepan afrontar el futuro con<br \/>\nresponsabilidad personal y en colaboraci\u00f3n con todos.<br \/>\nLa formaci\u00f3n acad\u00e9mica consiste en preparar para que obtengan excelentes<br \/>\nresultados ante las distintas pruebas internas y externas que se les apliquen.<br \/>\nComplementa este prop\u00f3sito en nuestro colegio la formaci\u00f3n art\u00edstica (desarrolla la<br \/>\ncapacidad est\u00e9tica a trav\u00e9s de la m\u00fasica, teatro, danzas y banda r\u00edtmica) y<\/p>\n<p>deportiva (propicia el desarrollo f\u00edsico y fomenta el esfuerzo, superaci\u00f3n,<br \/>\ncompa\u00f1erismo y amistad).<br \/>\nEn formaci\u00f3n humana se promueven los h\u00e1bitos que llevan al alumno a alcanzar<br \/>\nsu propia madurez personal, la exigencia por un trabajo bien hecho, la sinceridad,<br \/>\nla alegr\u00eda, el orden que lleva al estudiante a adquirir responsabilidad personal y<br \/>\nsocial, esto y mucho m\u00e1s lo lleva a adquirir actitudes de relaci\u00f3n con los dem\u00e1s<br \/>\ncomo la comprensi\u00f3n, el respeto, la generosidad, la colaboraci\u00f3n y el trabajo en<br \/>\nequipo.<br \/>\nLa formaci\u00f3n cristiana, se realiza de acuerdo con los principios de la doctrina<br \/>\ncat\u00f3lica y con respeto a la libertad de cultos.<br \/>\nLa misi\u00f3n de los centros educativos es compleja por lo tanto necesitamos que la<br \/>\ntrilog\u00eda formativa sea perfecta donde el estudiante aproveche el tiempo, el padre<br \/>\nde familia adquiera el compromiso de acompa\u00f1ar en el crecimiento a su hijo y el<br \/>\nprofesor desde la academia ofrezca una gama de alternativa para que el<br \/>\nestudiante aprenda y triunfe.<\/p>\n<p>Gerardo M Ortega O.<br \/>\nRector[\/vc_cta][\/vc_column][\/vc_row]<\/p>\n","protected":false},"excerpt":{"rendered":"<p>[vc_row][vc_column][vc_empty_space][vc_text_separator title=&#8221;Condecoraci\u00f3n &#8220;Gran Cruz de Encomendador del Departamento del Cauca&#8220;&#8221;][vc_column_text] El 23 de abril de 2015, la Asamblea Departamental del Cauca, por iniciativa del Honorable Diputado Pedro Semanate, impuso la \u201cCruz de Comendador del Gran Cauca\u201d al Real colegio San Francisco de As\u00eds, en reconocimiento a sus 51 a\u00f1os de incansable trabajo en pro de [&hellip;]<\/p>\n","protected":false},"author":1,"featured_media":0,"parent":0,"menu_order":0,"comment_status":"closed","ping_status":"closed","template":"","meta":{"footnotes":""},"class_list":["post-341","page","type-page","status-publish","hentry"],"_links":{"self":[{"href":"https:\/\/www.realcsfa.edu.co\/portal\/wp-json\/wp\/v2\/pages\/341","targetHints":{"allow":["GET"]}}],"collection":[{"href":"https:\/\/www.realcsfa.edu.co\/portal\/wp-json\/wp\/v2\/pages"}],"about":[{"href":"https:\/\/www.realcsfa.edu.co\/portal\/wp-json\/wp\/v2\/types\/page"}],"author":[{"embeddable":true,"href":"https:\/\/www.realcsfa.edu.co\/portal\/wp-json\/wp\/v2\/users\/1"}],"replies":[{"embeddable":true,"href":"https:\/\/www.realcsfa.edu.co\/portal\/wp-json\/wp\/v2\/comments?post=341"}],"version-history":[{"count":5,"href":"https:\/\/www.realcsfa.edu.co\/portal\/wp-json\/wp\/v2\/pages\/341\/revisions"}],"predecessor-version":[{"id":1551,"href":"https:\/\/www.realcsfa.edu.co\/portal\/wp-json\/wp\/v2\/pages\/341\/revisions\/1551"}],"wp:attachment":[{"href":"https:\/\/www.realcsfa.edu.co\/portal\/wp-json\/wp\/v2\/media?parent=341"}],"curies":[{"name":"wp","href":"https:\/\/api.w.org\/{rel}","templated":true}]}}