{"id":302,"date":"2019-04-16T12:43:50","date_gmt":"2019-04-16T17:43:50","guid":{"rendered":"https:\/\/www.realcsfa.edu.co\/portal\/?page_id=302"},"modified":"2023-03-14T14:51:41","modified_gmt":"2023-03-14T19:51:41","slug":"pre-escolar","status":"publish","type":"page","link":"https:\/\/www.realcsfa.edu.co\/portal\/pre-escolar\/","title":{"rendered":"Pre-Escolar"},"content":{"rendered":"<p>[vc_row][vc_column][vc_tta_tabs][vc_tta_section i_icon_fontawesome=&#8221;fa fa-file-text&#8221; add_icon=&#8221;true&#8221; title=&#8221;Descripci\u00f3n&#8221; tab_id=&#8221;1677001738982-4e0ae072-e90e&#8221;][vc_column_text]<\/p>\n<p style=\"text-align: justify;\">El Preescolar del Real Colegio San Francisco de As\u00eds utiliza la Pedagog\u00eda Activa como fundamento del Plan de Asignatura para lograr que los conocimientos se conviertan en significativos para los ni\u00f1os de 3 a 5 a\u00f1os de edad. Se utilizan el juego y diferentes proyectos pedag\u00f3gicos para desarrollar competencias y fortalecer h\u00e1bitos, normas, valores y comportamientos para lograr un bienestar com\u00fan. Cuenta con docentes especializados dispuestos a satisfacer las necesidades de los ni\u00f1os.<\/p>\n<p style=\"text-align: justify;\">Proporcionando espacios para desarrollar habilidades y motivaciones, se busca aumentar la comprensi\u00f3n del mundo, ampliar el vocabulario y fomentar el pensamiento cr\u00edtico. Se enfatiza el fortalecimiento de la dimensi\u00f3n socioafectiva y valores, as\u00ed como la estimulaci\u00f3n de h\u00e1bitos de integraci\u00f3n social y de convivencia grupal. El objetivo es formar individuos \u00edntegros y con valores humanos durante su educaci\u00f3n inicial.<\/p>\n<p>&nbsp;<\/p>\n<p style=\"text-align: justify;\"><span style=\"color: #808080;\">&#8220;Lo importante no es lo que se promete, sino lo que se cumple&#8221; \u2013 Alvaro Merino.<\/span><\/p>\n<p>&nbsp;<\/p>\n<p>[\/vc_column_text][\/vc_tta_section][vc_tta_section i_icon_fontawesome=&#8221;fa fa-users&#8221; add_icon=&#8221;true&#8221; title=&#8221;Proyectos&#8221; tab_id=&#8221;1677001738989-ae2abe1f-08c1&#8243;][vc_column_text]El trabajo por proyectos es una metodolog\u00eda educativa que se enfoca en el aprendizaje a trav\u00e9s de la realizaci\u00f3n de proyectos pr\u00e1cticos y significativos. En el caso del preescolar del Real Colegio San Francisco de As\u00eds, esta estrategia pedag\u00f3gica es especialmente valiosa, ya que permite a los ni\u00f1os y ni\u00f1as explorar el mundo que les rodea de una manera l\u00fadica y divertida, al tiempo que fomenta su creatividad, curiosidad y capacidad de trabajar en equipo.<br \/>\nEn lugar de basarse en la memorizaci\u00f3n de conceptos abstractos y aislados, el trabajo por proyectos se centra en el desarrollo de habilidades y competencias concretas, como la observaci\u00f3n, la experimentaci\u00f3n, la comunicaci\u00f3n y la resoluci\u00f3n de problemas. Esto implica que los ni\u00f1os y ni\u00f1as no s\u00f3lo aprenden sobre los temas espec\u00edficos del proyecto, sino que tambi\u00e9n<br \/>\nadquieren destrezas transferibles a otras \u00e1reas del conocimiento y de la vida.<\/p>\n<p>Para el presente lectivo se han programado los siguientes proyectos:<\/p>\n<ul>\n<li>\u201cSe\u00f1or cabeza de pasto\u201d en el que aprenden, de manera pr\u00e1ctica y l\u00fadica, el proceso de<br \/>\ngerminaci\u00f3n de las plantas, para este caso del \u201cpasto\u201d.<\/li>\n<li>Visita de mariposas monarca a una de las pl\u00e1ntulas de granadilla, en la cual los ni\u00f1os<br \/>\nobservan el proceso de crecimiento y el brote del fruto, as\u00ed como el ciclo de vida de la<br \/>\nmariposa por curiosidad y observaci\u00f3n (de diferentes orugas que se encuentran en la<br \/>\nplanta).<\/li>\n<li>Fresas, una oportunidad para aprender cambios f\u00edsicos que experimentan los alimentos<br \/>\nal exponerlos a las diferentes temperaturas del medio ambiente.<\/li>\n<li>Salud oral, con ayuda de la enfermera se realiza cada d\u00eda el cuidado y protecci\u00f3n de sus<br \/>\ndientes adem\u00e1s de reforzar cu\u00e1n importante es el tener una alimentaci\u00f3n saludable.<\/li>\n<li>Manualidades creativas con reciclaje, afianzando su motricidad fina y su creatividad al<br \/>\nutilizar los diferentes materiales y t\u00e9cnicas de trabajo.<\/li>\n<\/ul>\n<p>Adem\u00e1s, el trabajo por proyectos en el preescolar genera un impacto positivo en el desarrollo integral de los ni\u00f1os y ni\u00f1as. Por un lado, les brinda la oportunidad de descubrir y expresar sus intereses, gustos y opiniones, lo que contribuye a su autoestima y autoconfianza; por otro lado, les permite relacionarse con el entorno y las personas que los rodean de una manera m\u00e1s activa y<br \/>\nparticipativa, lo que favorece su socializaci\u00f3n y adaptaci\u00f3n al mundo exterior.<\/p>\n<p>Por todo lo anterior, es fundamental que el trabajo por proyectos se incorpore de manera sistem\u00e1tica y planificada en el preescolar, como parte de una propuesta pedag\u00f3gica integral y coherente. Para ello, se cuenta con docentes capacitados en esta metodolog\u00eda, que trabajan de manera colaborativa y coordinada para garantizar el \u00e9xito de cada proyecto.<\/p>\n<p>En resumen, el Trabajo por Proyectos en el preescolar del Real Colegio San Francisco de As\u00eds, es una herramienta educativa esencial que contribuye al aprendizaje significativo, el desarrollo integral y la formaci\u00f3n de ciudadanos cr\u00edticos y creativos. Al implementarlo de manera coherente y sistem\u00e1tica, se pueden generar impactos positivos en la vida de los ni\u00f1os y ni\u00f1as, as\u00ed como en la sociedad en general.[\/vc_column_text][\/vc_tta_section][vc_tta_section i_icon_fontawesome=&#8221;fa fa-globe&#8221; add_icon=&#8221;true&#8221; title=&#8221;Dimensiones&#8221; tab_id=&#8221;1677004961983-f86e263c-4b82&#8243;][vc_column_text]El preescolar es una etapa crucial en el desarrollo infantil, en la que se sientan las bases para el aprendizaje y la formaci\u00f3n de habilidades y destrezas que ser\u00e1n fundamentales en la vida futura de los ni\u00f1os. Durante esta etapa, se deben considerar todas las dimensiones del desarrollo, para garantizar una formaci\u00f3n integral y equilibrada.<\/p>\n<p>Las <strong>dimensiones<\/strong> en el preescolar del Real colegio san Francisco de As\u00eds manejan diferentes aspectos que conforman el desarrollo infantil, como son el <strong>desarrollo cognitivo<\/strong>, <strong>socioemocional<\/strong>, <strong>corporal<\/strong> y <strong>comunicativo<\/strong>. Cada una de estas dimensiones est\u00e1 interrelacionada e influye mutuamente en el desarrollo integral de los ni\u00f1os.<\/p>\n<p><strong>La dimensi\u00f3n cognitiva<\/strong> se refiere al desarrollo de habilidades intelectuales y de pensamiento como la capacidad de atenci\u00f3n, memoria, resoluci\u00f3n de problemas, razonamiento, entre otros. En el preescolar se fomenta el desarrollo cognitivo a trav\u00e9s de actividades l\u00fadicas y juegos que estimulan el aprendizaje a trav\u00e9s de la exploraci\u00f3n y el descubrimiento.<\/p>\n<p><strong>La dimensi\u00f3n socioemocional<\/strong> se refiere al desarrollo de habilidades sociales y emocionales, como la empat\u00eda, la resoluci\u00f3n de conflictos, la autoestima, la confianza, entre otras. En el preescolar se fomenta el desarrollo socioemocional a trav\u00e9s de actividades que promuevan el trabajo en equipo, la comunicaci\u00f3n y el respeto mutuo.<\/p>\n<p><strong>La dimensi\u00f3n corporal<\/strong> se refiere al desarrollo de habilidades motoras y f\u00edsicas, como la coordinaci\u00f3n, el equilibrio, la fuerza, la flexibilidad, entre otras. En el preescolar se fomenta el desarrollo f\u00edsico a trav\u00e9s de actividades que promuevan el movimiento y el ejercicio f\u00edsico, como los juegos al aire libre y la realizaci\u00f3n de actividades deportivas, de igual manera el manejo de motricidad fina donde, a trav\u00e9s de las diferentes t\u00e9cnicas de trabajo, se logra el manejo de los m\u00fasculos de las manos para lograr movimientos m\u00e1s precisos como es el caso de los dedos pulgar e \u00edndice.<\/p>\n<p><strong>La dimensi\u00f3n comunicativa<\/strong> se refiere al desarrollo de habilidades de comunicaci\u00f3n y lenguaje, como la comprensi\u00f3n oral y escrita, la expresi\u00f3n oral y escrita, la gram\u00e1tica, entre otras. En el preescolar se fomenta el desarrollo ling\u00fc\u00edstico a trav\u00e9s de actividades que promuevan la lectura, la escritura, la narraci\u00f3n de historias y la comunicaci\u00f3n verbal y no verbal.<\/p>\n<p>Es importante que las dimensiones en el preescolar se aborden de manera integral y equilibrada, para garantizar un desempe\u00f1o \u00f3ptimo en todas las \u00e1reas del desarrollo infantil. Para ello, el Real colegio San Francisco de As\u00eds cuenta con un equipo de educadores y profesionales capacitados y comprometidos con la formaci\u00f3n integral de los ni\u00f1os en esta etapa crucial de su desarrollo.[\/vc_column_text][\/vc_tta_section][\/vc_tta_tabs][\/vc_column][\/vc_row]<\/p>\n","protected":false},"excerpt":{"rendered":"<p>[vc_row][vc_column][vc_tta_tabs][vc_tta_section i_icon_fontawesome=&#8221;fa fa-file-text&#8221; add_icon=&#8221;true&#8221; title=&#8221;Descripci\u00f3n&#8221; tab_id=&#8221;1677001738982-4e0ae072-e90e&#8221;][vc_column_text] El Preescolar del Real Colegio San Francisco de As\u00eds utiliza la Pedagog\u00eda Activa como fundamento del Plan de Asignatura para lograr que los conocimientos se conviertan en significativos para los ni\u00f1os de 3 a 5 a\u00f1os de edad. Se utilizan el juego y diferentes proyectos pedag\u00f3gicos para desarrollar competencias [&hellip;]<\/p>\n","protected":false},"author":1,"featured_media":0,"parent":0,"menu_order":0,"comment_status":"closed","ping_status":"closed","template":"","meta":{"footnotes":""},"class_list":["post-302","page","type-page","status-publish","hentry"],"_links":{"self":[{"href":"https:\/\/www.realcsfa.edu.co\/portal\/wp-json\/wp\/v2\/pages\/302","targetHints":{"allow":["GET"]}}],"collection":[{"href":"https:\/\/www.realcsfa.edu.co\/portal\/wp-json\/wp\/v2\/pages"}],"about":[{"href":"https:\/\/www.realcsfa.edu.co\/portal\/wp-json\/wp\/v2\/types\/page"}],"author":[{"embeddable":true,"href":"https:\/\/www.realcsfa.edu.co\/portal\/wp-json\/wp\/v2\/users\/1"}],"replies":[{"embeddable":true,"href":"https:\/\/www.realcsfa.edu.co\/portal\/wp-json\/wp\/v2\/comments?post=302"}],"version-history":[{"count":16,"href":"https:\/\/www.realcsfa.edu.co\/portal\/wp-json\/wp\/v2\/pages\/302\/revisions"}],"predecessor-version":[{"id":1853,"href":"https:\/\/www.realcsfa.edu.co\/portal\/wp-json\/wp\/v2\/pages\/302\/revisions\/1853"}],"wp:attachment":[{"href":"https:\/\/www.realcsfa.edu.co\/portal\/wp-json\/wp\/v2\/media?parent=302"}],"curies":[{"name":"wp","href":"https:\/\/api.w.org\/{rel}","templated":true}]}}

<p>[vc_row][vc_column][vc_tta_tabs][vc_tta_section i_icon_fontawesome=&#8221;fa fa-file-text&#8221; add_icon=&#8221;true&#8221; title=&#8221;Descripción&#8221; tab_id=&#8221;1677001738982-4e0ae072-e90e&#8221;][vc_column_text]</p>
<p style="text-align: justify;">El Preescolar del Real Colegio San Francisco de Asís utiliza la Pedagogía Activa como fundamento del Plan de Asignatura para lograr que los conocimientos se conviertan en significativos para los niños de 3 a 5 años de edad. Se utilizan el juego y diferentes proyectos pedagógicos para desarrollar competencias y fortalecer hábitos, normas, valores y comportamientos para lograr un bienestar común. Cuenta con docentes especializados dispuestos a satisfacer las necesidades de los niños.</p>
<p style="text-align: justify;">Proporcionando espacios para desarrollar habilidades y motivaciones, se busca aumentar la comprensión del mundo, ampliar el vocabulario y fomentar el pensamiento crítico. Se enfatiza el fortalecimiento de la dimensión socioafectiva y valores, así como la estimulación de hábitos de integración social y de convivencia grupal. El objetivo es formar individuos íntegros y con valores humanos durante su educación inicial.</p>
<p>&nbsp;</p>
<p style="text-align: justify;"><span style="color: #808080;">&#8220;Lo importante no es lo que se promete, sino lo que se cumple&#8221; – Alvaro Merino.</span></p>
<p>&nbsp;</p>
<p>[/vc_column_text][/vc_tta_section][vc_tta_section i_icon_fontawesome=&#8221;fa fa-users&#8221; add_icon=&#8221;true&#8221; title=&#8221;Proyectos&#8221; tab_id=&#8221;1677001738989-ae2abe1f-08c1&#8243;][vc_column_text]El trabajo por proyectos es una metodología educativa que se enfoca en el aprendizaje a través de la realización de proyectos prácticos y significativos. En el caso del preescolar del Real Colegio San Francisco de Asís, esta estrategia pedagógica es especialmente valiosa, ya que permite a los niños y niñas explorar el mundo que les rodea de una manera lúdica y divertida, al tiempo que fomenta su creatividad, curiosidad y capacidad de trabajar en equipo.<br />
En lugar de basarse en la memorización de conceptos abstractos y aislados, el trabajo por proyectos se centra en el desarrollo de habilidades y competencias concretas, como la observación, la experimentación, la comunicación y la resolución de problemas. Esto implica que los niños y niñas no sólo aprenden sobre los temas específicos del proyecto, sino que también<br />
adquieren destrezas transferibles a otras áreas del conocimiento y de la vida.</p>
<p>Para el presente lectivo se han programado los siguientes proyectos:</p>
<ul>
<li>“Señor cabeza de pasto” en el que aprenden, de manera práctica y lúdica, el proceso de<br />
germinación de las plantas, para este caso del “pasto”.</li>
<li>Visita de mariposas monarca a una de las plántulas de granadilla, en la cual los niños<br />
observan el proceso de crecimiento y el brote del fruto, así como el ciclo de vida de la<br />
mariposa por curiosidad y observación (de diferentes orugas que se encuentran en la<br />
planta).</li>
<li>Fresas, una oportunidad para aprender cambios físicos que experimentan los alimentos<br />
al exponerlos a las diferentes temperaturas del medio ambiente.</li>
<li>Salud oral, con ayuda de la enfermera se realiza cada día el cuidado y protección de sus<br />
dientes además de reforzar cuán importante es el tener una alimentación saludable.</li>
<li>Manualidades creativas con reciclaje, afianzando su motricidad fina y su creatividad al<br />
utilizar los diferentes materiales y técnicas de trabajo.</li>
</ul>
<p>Además, el trabajo por proyectos en el preescolar genera un impacto positivo en el desarrollo integral de los niños y niñas. Por un lado, les brinda la oportunidad de descubrir y expresar sus intereses, gustos y opiniones, lo que contribuye a su autoestima y autoconfianza; por otro lado, les permite relacionarse con el entorno y las personas que los rodean de una manera más activa y<br />
participativa, lo que favorece su socialización y adaptación al mundo exterior.</p>
<p>Por todo lo anterior, es fundamental que el trabajo por proyectos se incorpore de manera sistemática y planificada en el preescolar, como parte de una propuesta pedagógica integral y coherente. Para ello, se cuenta con docentes capacitados en esta metodología, que trabajan de manera colaborativa y coordinada para garantizar el éxito de cada proyecto.</p>
<p>En resumen, el Trabajo por Proyectos en el preescolar del Real Colegio San Francisco de Asís, es una herramienta educativa esencial que contribuye al aprendizaje significativo, el desarrollo integral y la formación de ciudadanos críticos y creativos. Al implementarlo de manera coherente y sistemática, se pueden generar impactos positivos en la vida de los niños y niñas, así como en la sociedad en general.[/vc_column_text][/vc_tta_section][vc_tta_section i_icon_fontawesome=&#8221;fa fa-globe&#8221; add_icon=&#8221;true&#8221; title=&#8221;Dimensiones&#8221; tab_id=&#8221;1677004961983-f86e263c-4b82&#8243;][vc_column_text]El preescolar es una etapa crucial en el desarrollo infantil, en la que se sientan las bases para el aprendizaje y la formación de habilidades y destrezas que serán fundamentales en la vida futura de los niños. Durante esta etapa, se deben considerar todas las dimensiones del desarrollo, para garantizar una formación integral y equilibrada.</p>
<p>Las <strong>dimensiones</strong> en el preescolar del Real colegio san Francisco de Asís manejan diferentes aspectos que conforman el desarrollo infantil, como son el <strong>desarrollo cognitivo</strong>, <strong>socioemocional</strong>, <strong>corporal</strong> y <strong>comunicativo</strong>. Cada una de estas dimensiones está interrelacionada e influye mutuamente en el desarrollo integral de los niños.</p>
<p><strong>La dimensión cognitiva</strong> se refiere al desarrollo de habilidades intelectuales y de pensamiento como la capacidad de atención, memoria, resolución de problemas, razonamiento, entre otros. En el preescolar se fomenta el desarrollo cognitivo a través de actividades lúdicas y juegos que estimulan el aprendizaje a través de la exploración y el descubrimiento.</p>
<p><strong>La dimensión socioemocional</strong> se refiere al desarrollo de habilidades sociales y emocionales, como la empatía, la resolución de conflictos, la autoestima, la confianza, entre otras. En el preescolar se fomenta el desarrollo socioemocional a través de actividades que promuevan el trabajo en equipo, la comunicación y el respeto mutuo.</p>
<p><strong>La dimensión corporal</strong> se refiere al desarrollo de habilidades motoras y físicas, como la coordinación, el equilibrio, la fuerza, la flexibilidad, entre otras. En el preescolar se fomenta el desarrollo físico a través de actividades que promuevan el movimiento y el ejercicio físico, como los juegos al aire libre y la realización de actividades deportivas, de igual manera el manejo de motricidad fina donde, a través de las diferentes técnicas de trabajo, se logra el manejo de los músculos de las manos para lograr movimientos más precisos como es el caso de los dedos pulgar e índice.</p>
<p><strong>La dimensión comunicativa</strong> se refiere al desarrollo de habilidades de comunicación y lenguaje, como la comprensión oral y escrita, la expresión oral y escrita, la gramática, entre otras. En el preescolar se fomenta el desarrollo lingüístico a través de actividades que promuevan la lectura, la escritura, la narración de historias y la comunicación verbal y no verbal.</p>
<p>Es importante que las dimensiones en el preescolar se aborden de manera integral y equilibrada, para garantizar un desempeño óptimo en todas las áreas del desarrollo infantil. Para ello, el Real colegio San Francisco de Asís cuenta con un equipo de educadores y profesionales capacitados y comprometidos con la formación integral de los niños en esta etapa crucial de su desarrollo.[/vc_column_text][/vc_tta_section][/vc_tta_tabs][/vc_column][/vc_row]</p>

<p>[vc_row][vc_column][vc_tta_tabs][vc_tta_section i_icon_fontawesome=&#8221;fa fa-file-text&#8221; add_icon=&#8221;true&#8221; title=&#8221;Descripción&#8221; tab_id=&#8221;1677001738982-4e0ae072-e90e&#8221;][vc_column_text] El Preescolar del Real Colegio San Francisco de Asís utiliza la Pedagogía Activa como fundamento del Plan de Asignatura para lograr que los conocimientos se conviertan en significativos para los niños de 3 a 5 años de edad. Se utilizan el juego y diferentes proyectos pedagógicos para desarrollar competencias [&hellip;]</p>
